vided by a(3).
8
Let j(k) = k**3 + 11*k**2 - 2*k - 5. Calculate the remainder when 48 is divided by j(-11).
14
Suppose -8 - 12 = -5*g. Suppose 54 = g*o - 78. What is the remainder when o is divided by 12?
9
Let z = -19 - -31. Let k = 16 - 14. Suppose 0*s - 5*s + 90 = -4*t, 5*s - k*t - 100 = 0. What is the remainder when s is divided by z?
10
Let t be -1*(-1 + 0)*0. What is the remainder when (-52 - t)*(-2)/4 is divided by 70/4*5/(125/20)?
12
Suppose 0*a = 5*a - 30. Suppose -t + a = -6. Calculate the remainder when t is divided by 7.
5
Let b = 1 + 9. Calculate the remainder when 28 is divided by b.
8
Let r(q) = -q - 4. Calculate the remainder when 12 is divided by r(-9).
2
Let u = 17 - -5. What is the remainder when 85 is divided by u?
19
Suppose -b + 2*b - 31 = 2*n, 2*n = -4*b + 84. What is the remainder when b is divided by (-8)/12 + -2 + (-23)/(-3)?
3
Suppose -c + 5*c = 0. Suppose -2*l + 36 = -c*l. What is the remainder when l is divided by 5?
3
Let h(f) = f**3 + 5*f**2 - 4*f - 2. Let v = -7 + 2. What is the remainder when 35 is divided by h(v)?
17
Let v(i) = i**2 + 13*i + 7. Calculate the remainder when 27 is divided by v(-13).
6
Let r = 21 + -13. What is the remainder when 31 is divided by r?
7
Suppose 3*u - u = 3*h - 22, 2*h + 3*u = 6. Calculate the remainder when 36 is divided by (-57)/h*(-3 - -1).
17
Let o(q) = -q**2 - 1 + 9*q + 2 + 0. Let r be o(8). Suppose 2*z = -z + r. What is the remainder when 8 is divided by z?
2
Let r be ((-2)/7)/((-1)/7). Let c(t) = -1 + 0*t**r + t**3 + 4*t + 7*t**2 - 3*t + t**2. What is the remainder when c(-5) is divided by 18?
15
Suppose -j - v = -0 + 3, 14 = 2*j - 2*v. Suppose -2*g + 14 = -j. What is the remainder when (-288)/(-13 + 5) - 7 is divided by g?
5
Suppose -2*b = 2*y - 3*y + 8, -4 = -2*y + b. Suppose y = 2*t + 12. Calculate the remainder when 26 is divided by t/(-4)*56/6.
12
Suppose 0 = -0*v - 4*v + 3*p, 4*v - p = 0. Let m be 1*(-3)/(-6)*v. Let t = m - -3. What is the remainder when 5 is divided by t?
2
Suppose 3 = o, 3*v - v - 17 = -3*o. What is the remainder when 7 is divided by v?
3
Let g = 15 - 8. Calculate the remainder when 26 is divided by g.
5
Let a be 1313/39 - (-2)/6. Let k = a - -39. What is the remainder when k is divided by 37?
36
Suppose 2*d - 4*d + 18 = 0. Let k = -5 + d. Suppose g + k = 16. What is the remainder when 34 is divided by g?
10
Let l(z) = z**3 - 7*z**2 + 4*z + 10. Suppose 0 = 5*b - 1 + 21. Calculate the remainder when l(7) is divided by (-3 - 1)*13/b.
12
Let q = 10 + 37. Calculate the remainder when q is divided by 16.
15
Suppose -1 + 16 = 5*n, 2*s - 2*n - 24 = 0. Calculate the remainder when 384/9 - (-1)/3 is divided by s.
13
Let v = 4 - 2. Suppose -v = -i + 5*j - 10*j, i = 2*j + 2. Suppose -c + 0 = -i. Calculate the remainder when c is divided by 2.
0
Suppose o + 3*a = 20, -2*o - 3*a + 31 = -9. Let m = o + -8. What is the remainder when 45 is divided by m?
9
Let k = 4 + -1. Let v(u) = -u**3 + 3*u**2 + u + 2. Let x be v(k). Suppose -4*s + 41 - x = 0. What is the remainder when 26 is divided by s?
8
Let r = 16 + -26. Let n = r - -37. What is the remainder when n is divided by 6?
3
Let x = 17 - 10. What is the remainder when 13 is divided by x?
6
Let t(u) = u**2 + 4*u + 2 - 2*u**2 + u + 0*u. Let i be t(5). Suppose i*s = 2 + 8, 2*s = -l + 15. Calculate the remainder when 8 is divided by l.
3
Calculate the remainder when 7 is divided by (-96)/(-54) - 4/(-18).
1
Let l(w) = -w + 14. Let m be l(6). Suppose -m = 4*i, 66 = 5*d - d + i. Calculate the remainder when d is divided by 6.
5
Let g = 14 - 9. Suppose -130 = -g*u + 25. Calculate the remainder when u is divided by 16.
15
Let v = 76 - 30. What is the remainder when v is divided by 16?
14
What is the remainder when 56 is divided by (-1 - -13)*75/60?
11
Let k be 536/3 - (-2)/(-3). Let j = k - 124. What is the remainder when j is divided by 28?
26
Calculate the remainder when 1 + 3 + (-3 - -16) is divided by 4.
1
Let d = 1 + -3. Let h be d/(-2) - (1 - 0). Suppose h*f + 50 = 2*f. Calculate the remainder when f is divided by 9.
7
Let m = 133 + -103. Calculate the remainder when 98 is divided by m.
8
Let l = -73 + 104. Calculate the remainder when l is divided by 13.
5
Let u = -76 + 89. What is the remainder when u is divided by 5?
3
Suppose -r - 125 = 5*p - 0*r, -2*p - 77 = -5*r. Let v = -16 - p. What is the remainder when 37 is divided by v?
7
Suppose d + 15 = 5*b, 5*d = -b + 4*d - 3. Suppose -4*v + b*u + 24 = 0, 2*v + 2*u = -2 + 8. What is the remainder when 14 is divided by v?
4
Calculate the remainder when 35 is divided by ((-3)/(-2))/(((-8)/2)/(-24)).
8
Let a = 2 + 3. Calculate the remainder when 38 is divided by a.
3
Let r = 84 + -72. Suppose 3*j = 2*o - 28, j + 2*j = 3*o - 42. What is the remainder when r is divided by 2/(18/o + -1)?
5
Let t = 29 - 53. Suppose 8 = 5*s - 12. Calculate the remainder when (57/s)/((-9)/t) is divided by 13.
12
Let l = -57 + 163. Calculate the remainder when l is divided by 27.
25
Suppose -8 - 6 = -2*i. What is the remainder when 6 is divided by i + (-4 - (-4 - -4))?
0
Suppose -8*b + 20 = -3*b. Suppose 0 = b*s + 5*p - 237, -5*s + 10*s + 5*p = 300. Calculate the remainder when s is divided by 17.
12
Suppose -r = 3*r + 184. Calculate the remainder when (-5 + 2)*r/3 is divided by 8.
6
Suppose 50 = 3*g - 5*o + 4, 2*o + 28 = 2*g. What is the remainder when 41 is divided by g?
5
Let o be ((-20)/8)/((-2)/12). Let c = o + 43. Calculate the remainder when c is divided by 15.
13
Let g(h) = 4*h + 10. Calculate the remainder when g(5) is divided by 13.
4
Let n(x) = x**3 + 3*x**2 - 3*x. Let h(z) be the first derivative of 7*z**2/2 + 6*z - 5. Calculate the remainder when h(5) is divided by n(2).
13
Let x be 6*3/(-9)*-2. Suppose -29 + 5 = -x*m. What is the remainder when m is divided by 2?
0
Suppose 0*r + 5*r = 0. Suppose 5*u - 3*u - 155 = -3*b, 5*b + 5*u - 250 = r. What is the remainder when b is divided by 19?
17
Let v be 164/14 - (-8)/28. Suppose -l = 3*l - v. Suppose -t + 16 = -l. What is the remainder when 55 is divided by t?
17
Let d = 0 + 2. Suppose -y = -0*y - 3. Suppose -y*j + 12 = -0*j. What is the remainder when j is divided by d?
0
Let d(l) = l**3 - 6*l**2 - 5*l + 2. Let z = 11 - 2. Calculate the remainder when d(7) is divided by z.
7
Calculate the remainder when 13 is divided by (-4)/(-3)*12/4.
1
Let s(j) = j + 25. Let k(y) = -4*y + 4*y - y**3 + 4*y**2 - 2*y + 2. Calculate the remainder when s(-16) is divided by k(3).
4
Let k = 46 + -17. Let t be (-424)/(-28) + 3/(-21). Calculate the remainder when k is divided by 2/(-3) - (-160)/t.
9
Suppose 5 = 4*h - 7. Suppose -y = -4*c - 22, 0 = 2*y + h*c - 8*c - 53. Let m(z) = -z**2 + 16*z - 3. Calculate the remainder when y is divided by m(15).
10
Let d(s) = 2*s**2 - 8*s + 4. Suppose 5*t - 2*p - 271 = -0*p, t - 2*p = 51. Calculate the remainder when t is divided by d(5).
13
Let j(f) = f + 32. Let s be j(0). Suppose -4*v + 40 = 4*a, 0 = -2*v - v - a + s. What is the remainder when 43 is divided by v?
10
Let v be 2/(-2)*0/8. Suppose v*z = -2*z + 100. Suppose -85 = -6*m + m. Calculate the remainder when z is divided by m.
16
Suppose 2*p - 2 = 2. Suppose 2*g + p = 0, -2*q + 6*q - 4*g - 124 = 0. What is the remainder when 117 is divided by q?
27
Let p(x) be the first derivative of -3*x**2/2 - 1. What is the remainder when 10 is divided by p(-2)?
4
Let q = -6 + 8. Suppose -15 = -5*p, 3*l + q*p = -6 - 0. Let u = l - -14. What is the remainder when 18 is divided by u?
8
Let b be (-1)/(-2)*26 + -2. Suppose 51 + b = 4*t + 2*y, 0 = -4*t + 4*y + 44. Calculate the remainder when 40 is divided by t.
12
Suppose 0 = b - 0 - 4. Suppose 2*o + 41 + 116 = 5*a, -b*a - o = -123. What is the remainder when a is divided by (1 - 13)/(-9*7/84)?
15
Let k = 2 + 11. Suppose 4*g = 3*a + 9 - 43, -2*g = 8. Let h(x) = 7*x - 4. What is the remainder when h(a) is divided by k?
12
Let r = 11 + -13. Let w = r - -21. Calculate the remainder when w is divided by 7.
5
Let v(f) = f**2 - 2*f - 2. Calculate the remainder when v(-6) is divided by 27.
19
Let m(i) = -i**2 - 15*i + 17. Suppose 0 = 5*a - 21 + 91. Calculate the remainder when m(a) is divided by 82/5 - (-2)/(-5).
15
Suppose -4*p = -8*p + 16. Let t(z) = -2*z - 5. Let v be t(-6). What is the remainder when p is divided by (-14)/v*-1*1?
